
Is 162989 prime?
True
Is 8923 a composite number?
False
Is 1517 a composite number?
True
Is 338395 prime?
False
Is 119869 composite?
False
Is 91187 prime?
False
Is 20543 composite?
False
Is 250598 composite?
True
Is 25657 a prime number?
True
Is 68251 a prime number?
False
Is 118603 a prime number?
True
Is 102127 composite?
True
Is 1801 a prime number?
True
Is 101797 a composite number?
False
Is 9743 a composite number?
False
Is 45863 composite?
False
Is 349917 a composite number?
True
Is 166009 prime?
False
Is 878653 composite?
True
Is 21089 a prime number?
True
Is 50689 prime?
False
Is 148081 a prime number?
False
Is 2161 a prime number?
True
Is 354097 a composite number?
False
Is 51567 a prime number?
False
Is 192373 composite?
False
Is 7859 composite?
True
Is 9977 prime?
False
Is 18497 composite?
True
Is 6719 a prime number?
True
Is 7591 a prime number?
True
Is 43391 a prime number?
True
Is 21211 a prime number?
True
Is 128617 composite?
True
Is 139067 a composite number?
False
Is 567757 a composite number?
True
Is 668517 composite?
True
Is 937029 prime?
False
Is 50261 a composite number?
False
Is 202087 a prime number?
True
Is 1027717 a composite number?
False
Is 25481 prime?
False
Is 78911 a prime number?
False
Is 21211 prime?
True
Is 1066291 composite?
True
Is 26801 composite?
False
Is 614867 a composite number?
True
Is 870567 a composite number?
True
Is 171221 a composite number?
True
Is 316031 prime?
True
Is 1259 prime?
True
Is 27329 prime?
True
Is 2267 composite?
False
Is 69163 a composite number?
False
Is 43383 composite?
True
Is 24155 composite?
True
Is 487507 prime?
True
Is 14253 a prime number?
False
Is 1394453 composite?
False
Is 42179 composite?
False
Is 31847 a prime number?
True
Is 1357381 a composite number?
True
Is 53771 a composite number?
True
Is 140687 a prime number?
False
Is 118453 a composite number?
False
Is 193703 a prime number?
True
Is 28837 a prime number?
True
Is 35011 a prime number?
False
Is 459749 a prime number?
True
Is 5813 composite?
False
Is 1926149 composite?
False
Is 524453 composite?
False
Is 1267859 a composite number?
False
Is 3749 a prime number?
False
Is 1168093 a composite number?
False
Is 31001 prime?
False
Is 37039 a prime number?
True
Is 16519 composite?
False
Is 5197 prime?
True
Is 6997 composite?
False
Is 46049 composite?
False
Is 45161 prime?
True
Is 43117 prime?
True
Is 35473 a composite number?
True
Is 3487 a prime number?
False
Is 7609 a prime number?
False
Is 90605 a composite number?
True
Is 649 composite?
True
Is 366081 a composite number?
True
Is 40567 a composite number?
True
Is 57127 prime?
False
Is 31765 a composite number?
True
Is 12533 a composite number?
True
Is 53561 a composite number?
True
Is 12959 a composite number?
False
Is 263365 composite?
True
Is 204933 prime?
False
Is 635 prime?
False
Is 3989 prime?
True
Is 18173 composite?
True
Is 238919 a composite number?
False
Is 168239 a prime number?
False
Is 169859 a prime number?
True
Is 121718 a composite number?
True
Is 1903 composite?
True
Is 17305 a composite number?
True
Is 2767 a prime number?
True
Is 45554 a prime number?
False
Is 2122 a prime number?
False
Is 85781 composite?
False
Is 21377 prime?
True
Is 751823 composite?
False
Is 1464809 prime?
True
Is 91183 composite?
False
Is 26041 a composite number?
False
Is 3847 a composite number?
False
Is 352306 prime?
False
Is 7423 a prime number?
False
Is 249229 composite?
False
Is 73181 a prime number?
True
Is 9961 prime?
False
Is 65489 composite?
True
Is 29935 prime?
False
Is 28931 prime?
False
Is 443627 composite?
True
Is 3503639 a prime number?
True
Is 20249 a prime number?
True
Is 4501 prime?
False
Is 371057 prime?
True
Is 16145 a composite number?
True
Is 4542355 a composite number?
True
Is 73237 prime?
True
Is 14165 prime?
False
Is 40195 a composite number?
True
Is 134741 a prime number?
True
Is 506603 a prime number?
False
Is 17183 a composite number?
False
Is 4835 a prime number?
False
Is 1117 composite?
False
Is 292897 a composite number?
True
Is 13823 a composite number?
True
Is 34653 composite?
True
Is 19739 a composite number?
False
Is 11791 a composite number?
True
Is 2251 prime?
True
Is 38207 a prime number?
False
Is 1270294 composite?
True
Is 14057 a composite number?
False
Is 16267 composite?
False
Is 208093 a composite number?
True
Is 11465 a composite number?
True
Is 314953 a composite number?
False
Is 1288541 a prime number?
True
Is 123 a composite number?
True
Is 36317 a prime number?
False
Is 8999 a composite number?
False
Is 5519 prime?
True
Is 382541 a composite number?
False
Is 26339 a prime number?
True
Is 5623 prime?
True
Is 6807 a composite number?
True
Is 51257 prime?
True
Is 14341 a composite number?
False
Is 2231714 a prime number?
False
Is 240469 prime?
False
Is 747331 a composite number?
True
Is 70393 composite?
False
Is 207617 a prime number?
False
Is 101782 composite?
True
Is 46549 composite?
False
Is 628093 a composite number?
False
Is 72263 a composite number?
True
Is 1731437 a prime number?
True
Is 2477 a composite number?
False
Is 75877 a composite number?
True
Is 11519 composite?
False
Is 4385 composite?
True
Is 64139 composite?
True
Is 2419867 a prime number?
True
Is 13537 prime?
True
Is 51329 a composite number?
False
Is 822907 prime?
True
Is 46993 composite?
False
Is 61127 a composite number?
True
Is 15859 a prime number?
True
Is 262681 a prime number?
True
Is 78079 prime?
True
Is 8209 composite?
False
Is 511151 a prime number?
True
Is 59387 prime?
True
Is 1913 a prime number?
True
Is 1643 prime?
False
Is 407291 a prime number?
True
Is 9239 prime?
True
Is 9179 a prime number?
False
Is 24599 a prime number?
False
Is 15427 a prime number?
True
Is 110945 a prime number?
False
Is 312241 composite?
False
Is 3643 prime?
True
Is 33763 a prime number?
False
Is 24793 prime?
True
Is 821027 composite?
False
Is 997 a composite number?
False
Is 43663 a prime number?
False
Is 3827 composite?
True
Is 87 composite?
True
Is 184883 composite?
True
Is 4643 composite?
False
Is 15127 a composite number?
True
Is 5905 prime?
False
Is 50353 composite?
True
Is 23147 composite?
True
Is 12371 a composite number?
True
Is 15853 a prime number?
False
Is 128671 a composite number?
True
Is 959059 composite?
True
Is 88601 a composite number?
True
Is 1441 composite?
True
Is 508627 prime?
False
Is 3163 a prime number?
True
Is 30437 a composite number?
True
Is 6119 a composite number?
True
Is 8407 a prime number?
False
Is 85798 composite?
True
Is 2386369 a composite number?
False
Is 4489 composite?
True
Is 73277 composite?
False
Is 63005 a composite number?
True
Is 274 prime?
False
Is 42043 prime?
True
Is 2797 prime?
True
Is 26687 a composite number?
False
Is 1258967 a prime number?
True
Is 97913 a prime number?
False
Is 301787 composite?
True
Is 25693 a prime number?
True
Is 200639 composite?
False
Is 99071 a prime number?
False
Is 104087 composite?
False
Is 283749 a prime number?
False
Is 226 prime?
False
Is 5873 a prime number?
False
Is 20789 prime?
True
Is 2481601 a composite number?
False
Is 1028827 a prime number?
False
Is 5923 a prime number?
True
Is 5273 prime?
True
Is 112687 a prime number?
True
Is 22917 composite?
True
Is 95203 composite?
False
Is 100129 composite?
False
Is 9407 a prime number?
False
Is 7142 composite?
True
Is 2276167 composite?
False
Is 595079 a prime number?
False
Is 2137 composite?
False
Is 190681 a composite number?
True
Is 134009 prime?
False
Is 3326171 a composite number?
False
Is 76561 a composite number?
False
Is 1481 prime?
True
Is 8057 a prime number?
False
Is 9199 prime?
True
Is 39439 a prime number?
True
Is 123341 a composite number?
False
Is 21313 a composite number?
False
Is 5987 composite?
False
Is 566061 prime?
False
Is 25682 a composite number?
True
Is 36429 prime?
False
Is 50329 a composite number?
False
Is 26083 a prime number?
True
Is 44351 composite?
False
Is 8453 a composite number?
True
Is 23719 composite?
False
Is 20051 a composite number?
False
Is 4699 prime?
False
Is 19889 composite?
False
Is 83 a prime number?
True
Is 75431 a prime number?
True
Is 4835 a prime number?
False
Is 4618 prime?
False
Is 45119 a composite number?
False
Is 6679 a composite number?
False
Is 7999 a prime number?
False
Is 43729 composite